985 - 252 = 0. List the prime factors of d.
2, 7, 31
Suppose 4*b - 128 = 244. Suppose -2285 = 88*o - b*o. Suppose 327 = 8*k - o. What are the prime factors of k?
2, 7
Let t(b) = 2849*b**2 + 43*b + 42. List the prime factors of t(-1).
2, 89
Let l be 1 + 3695 + (6 - 5). Suppose -r + 3*r = -3*b + l, -b = 2*r - 1231. List the prime factors of b.
3, 137
Suppose -23*c + 2*m - 4974 = -24*c, -5*c + 24815 = -m. List the prime factors of c.
2, 17, 73
Let q(v) = -32*v - 3. Let s(i) = -2*i**2 + 9. Let h be s(-5). Let k = -43 - h. List the prime factors of q(k).
61
Suppose 0 = 14*y - 16*y + 8. Let p(d) = 7*d**2 - 3*d - 2. Let a be p(-3). Suppose s = -y*s + a. What are the prime factors of s?
2, 7
List the prime factors of (-12)/(-18) - (-15)/9*-4 - -11884.
2, 5939
Let u(d) = -923*d**3 - 6*d**2 - 11*d - 8. Let z(x) = 2771*x**3 + 17*x**2 + 32*x + 22. Let v(j) = 17*u(j) + 6*z(j). What are the prime factors of v(1)?
2, 3, 13
Let n = 69 + -47. Let y = n - 15. Suppose 4*i - 127 = -5*c, 0 = -3*i + y*i - 4*c - 136. What are the prime factors of i?
3, 11
Let x(b) = -b**3 + 72*b**2 - 216*b - 224. List the prime factors of x(65).
61, 251
Suppose n = -n - 2*r - 10, -3*n = -5*r - 25. Let t(k) = 3 - 2 + 37*k + 5 + n. List the prime factors of t(3).
3, 13
Let t be 1656/(-15) + (132/30 - 4). Let y = -96 - t. What are the prime factors of y?
2, 7
Let a = 2 - -12. Let c be 4/a + 4 + (-4)/14. Suppose 5*v + 4*k = 3*k + 330, -3*v - c*k + 198 = 0. List the prime factors of v.
2, 3, 11
What are the prime factors of 181116/27 + 8/(3 - 7)?
2, 7, 479
Suppose 3*g - 6*d + 4*d = 22, -3*d = -4*g + 28. Suppose -g*k + 3*k + 1715 = 0. What are the prime factors of k?
5, 7
Let o = -102 - -107. Suppose -166 = 2*c - s, -o*s - 6 + 16 = 0. Let f = c + 93. List the prime factors of f.
11
Let b(m) = -m**2 + 13*m - 1. Suppose -6*k + 24 = -k - 2*u, 5*k - 22 = u. Suppose -2*p + 5*n = p - 35, 3*p = k*n + 34. List the prime factors of b(p).
29
Suppose 4*u = 4*f + 8, -u + 4*f = -1 + 5. Suppose 5*h + 1532 = u*x, x - 10*h = -7*h + 390. List the prime factors of x.
2, 3, 7
Let m(k) = k**2 - 15*k - 37. Let l be m(18). Suppose 5*r - 3*q = -18, l = -4*r + 4*q + q. List the prime factors of -5 - -173 - r - 1.
2, 5, 17
Suppose 716*x - 8104 = 715*x. Suppose -7*y = -x - 3306. What are the prime factors of y?
2, 5, 163
Let k be 6 + ((-3)/(-1) - (2 - -2)). What are the prime factors of 4 - k - (-432 + -3)?
2, 7, 31
Suppose -2*w = -4*o - 3748, -214*w + 3*o = -211*w - 5628. List the prime factors of w.
2, 3, 313
Let v = -123 - -207. Let s = 5 + -3. Suppose -s*p = 4*p - v. What are the prime factors of p?
2, 7
Let i be 4*(0 - (-1 - -2)). What are the prime factors of (6 + i)/((-2)/(-248))?
2, 31
Let j be 2/5*(-8*5)/(-2). Suppose -8*n = -10*n + j. Suppose n*u = 5*p + 777, -3 + 13 = -2*p. List the prime factors of u.
2, 47
Let g(p) = 15*p + 107. Let f be g(-7). Suppose f*j + m = 206, -3*j + 319 = 2*m + 2*m. List the prime factors of j.
101
Let t(q) = 6 + 3*q - q**2 - 7*q - q**3 + 92. Suppose -4 = h + 2*j, 8 = 6*j - 10*j. List the prime factors of t(h).
2, 7
Let s(w) = 225*w - 7447. What are the prime factors of s(112)?
41, 433
Suppose 11 + 8 = 4*i - c, i + 5 = -3*c. Let d(f) be the first derivative of f**4/4 + 2*f**3 - 9*f + 4. List the prime factors of d(i).
151
Let v(p) = -p**2 - 6*p - 5. Let h be v(-3). Suppose -3190 = h*a - 9*a. What are the prime factors of a?
2, 11, 29
Suppose 3846668 - 277580 = 87*l. List the prime factors of l.
2, 641
Suppose -5*z + 3273 = -4*z + 3*t, 5*z - 16450 = 2*t. Suppose -11*d = -19*d + z. What are the prime factors of d?
3, 137
Let x = 6 + -1. Suppose 0 = -x*u - q + 5, -u + 3 = 3*q + 2. List the prime factors of u/(-4) + 648/32.
2, 5
Suppose -670523 - 1261165 = -88*x. What are the prime factors of x?
3, 271
Suppose -38*p = 441 + 205. Suppose 5*k - 4*w = -6*w - 93, 21 = -k - w. What are the prime factors of 8 + 1 + k/p?
2, 5
Let q(t) = t**3 + 14*t**2 - 16*t - 13. Let v be q(-15). Let h(c) = -9*c**2 - c + 11*c - c**3 - 5*c**v + c. List the prime factors of h(-15).
2, 3, 5
Suppose -5*g - m + 17609 = -19375, 2*g + 3*m - 14778 = 0. List the prime factors of g.
2, 3, 137
List the prime factors of 2/10 + 1118313/135.
2, 19, 109
Let j = -25076 + 38628. List the prime factors of j.
2, 7, 11
Suppose 2*j - 1 = 3. Let v be (-2)/j*253/(-11). Suppose 24*r - v*r = 227. List the prime factors of r.
227
Suppose -9*z - z + 8660 = 0. Let w = z + -508. List the prime factors of w.
2, 179
Let p be -4 - -57*(16/2 - -3). Let c = p + -373. What are the prime factors of c?
2, 5
Let k(r) = -104*r - 40*r - 15 + 14 - 108*r - 41. List the prime factors of k(-3).
2, 3, 7, 17
Suppose -6 = 2*z - 2. Let k = z - -26. List the prime factors of 124 - k/16*4/6.
3, 41
Let q = 73 + -9. Let r = 270 - 271. What are the prime factors of r*q*-1 - 0?
2
Suppose -g - 2*g - 5*m + 2650 = 0, -g = 5*m - 880. Suppose 5*d - g = 1360. List the prime factors of d.
449
Suppose -5*n + 112943 = 6*k, 7337 - 63819 = -3*k - 4*n. List the prime factors of k.
2, 97
Suppose -598*l + 593*l + 4*b = -91897, -3 = b. What are the prime factors of l?
17, 23, 47
Let y = -2571 + 6265. What are the prime factors of (y/(-2))/(-11 - (6 - 16))?
1847
Let h = -5072 - -14229. List the prime factors of h.
9157
Suppose 6 = 25*r - 31*r. What are the prime factors of r - 398/(4 + -6)?
2, 3, 11
Suppose -u + 2*l + 289 = 0, -27*l + 22*l = 2*u - 542. What are the prime factors of u?
281
Suppose -3*h = -9*h. Suppose -272*r + 268*r + 2028 = h. List the prime factors of r.
3, 13
Let l(x) be the second derivative of 13*x + 4/3*x**3 + 0 - x**2. What are the prime factors of l(3)?
2, 11
Let t be (214/(-6))/((2 - 3)/9). Suppose 0 = 2*b - g - t, 2*b = 7*g - 2*g + 317. Suppose 0 = -r - 3*q + 137, r = -0*r + 3*q + b. List the prime factors of r.
149
Let t be (-27)/351 + 10003/(-91). Let n = 235 + -61. Let x = t + n. List the prime factors of x.
2
Let d = 10501 - 8834. List the prime factors of d.
1667
Let m be (-81)/(-18)*8/18. Suppose 0 = f + 4, 718 = m*y + 2*f + f. What are the prime factors of y?
5, 73
Let v = 1024 - 368. Suppose 0 = 116*b - 112*b - v. List the prime factors of b.
2, 41
Let d(u) = 11*u - 41. Let w(c) = -23*c + 82. Let v(j) = 13*d(j) + 6*w(j). Let y be v(13). Suppose 4*a = 220 - y. List the prime factors of a.
7
Let c = 1712 - 805. Let x = 1425 - c. List the prime factors of x.
2, 7, 37
Suppose -4*x - 3 = -19. Suppose x*f = 3*f - 23. Let l = -5 - f. List the prime factors of l.
2, 3
Let n(h) = 916 + h - 1821 + 919. Suppose -5*p - 55 = -2*p - 5*g, 5*p - 2*g = -60. What are the prime factors of n(p)?
2
Suppose -4*r - 22*n + 37591 = -27*n, 28217 = 3*r + n. What are the prime factors of r?
2, 2351
Let u(y) = -3*y - 35. Let h be u(-12). What are the prime factors of h/(-1) - (8 + -260)?
251
List the prime factors of (19572/(-49))/(36/(-3276)).
2, 3, 13, 233
Let l(y) = -17*y - 19. Let g(k) = -k**3 - 4*k**2 - 5*k + 9. Let f be g(-5). Suppose f = -7*w + 3. What are the prime factors of l(w)?
3, 13
Let c(a) = 211 - 8*a - 191 + 299. What are the prime factors of c(-32)?
5, 23
Suppose -2240 = -5*u + 4*u + 3*i, 3*i = -u + 2216. List the prime factors of u.
2, 557
Suppose 33*g = 10*g + 92. Suppose -3000 = -g*z - 4*b, 2*b + 2934 = 4*z - 48. What are the prime factors of z?
3, 83
Let j = 11603 + -7226. List the prime factors of j.
3, 1459
Let m be -106 + (-3*2)/(3 + -5). Let h = m - -105. Suppose -387 = -2*c + p + 42, -c + h*p = -222. List the prime factors of c.
2, 53
Suppose 3*q - 3*j - 2472 = -q, -4*j = 0. Suppose -18*h = -12*h - q. Let l = 176 - h. What are the prime factors of l?
73
Suppose -9*j + 2739490 = 94*j + 270580. What are the prime factors of j?
2, 3, 5, 17, 47
What are the prime factors of (23/(644/(-3150)))/(2*(-1)/68)?
3, 5, 17
What are the prime factors of 15/(210/28) + (6230 - (-1 + 3))?
2, 5, 7, 89
Suppose 8*k = 3*k - 5110. What are the prime factors of 4 + (-4 - -9 - k)?
1031
Let b = 6 + 5. Let x(d) = -b + 21 + 64*d**2 - 11. List the prime factors of x(1).
3, 7
List the prime factors of 1/7*-7*-26735.
5, 5347
Suppose -5*k = -2*l - 18, 4*l + 12 = 5*k - 4. Suppose -k*b - 8*b = -60. Suppose 4*i - 474 = -3*q, 9*q - 10*q - b*i = -158. What are the prime factors of q?
2, 79
Suppose -31*k + 66*k - 394978 = 18*k. List the prime factors of k.
2, 11617
Suppose